e highest common factor of s and k.
19
Let m = -234 + 275. What is the highest common factor of m and 451?
41
Let x(l) = -4*l**2 - 24*l + 3. Suppose 0 = -2*i - 5*k - 27, -2*i = -6*i - 4*k - 36. Let p be x(i). Calculate the greatest common divisor of p and 21.
3
Let q = 22 - 41. Let x = 37 - 5. Let y = q + x. What is the highest common divisor of y and 65?
13
Let l(z) = 3*z**3 + z**2 + 2*z - 3. Let h be l(2). Suppose -12*a + 107 = -8*a + 3*i, -41 = -a + 4*i. What is the highest common factor of h and a?
29
Let o = 17 - 10. Suppose 3*y + 1 = 2*n, o*n - 15 = 4*n. Let x = 1 + y. Calculate the highest common divisor of x and 6.
2
Let p = 198 + -156. Calculate the highest common factor of 399 and p.
21
Let l = 361 + -321. What is the greatest common divisor of 136 and l?
8
Let t be (-8)/(-3)*-3*340/(-16). Calculate the highest common divisor of 238 and t.
34
Let n = -4 - -21. Let k(z) = 4*z**2 - 10*z + 35. Let b be k(5). Calculate the highest common factor of b and n.
17
Let i be (-3 - 3)*4/(-12). Suppose i*h - 74 = -2*a, 6*a - 2*a = -5*h + 149. What is the greatest common factor of a and 24?
12
Let d = 33 + -31. Let j be 19 - d/1 - -3. Calculate the greatest common divisor of j and 10.
10
Let f = 545 - 258. Suppose -3*j + 5*c = -145, 0 = 5*j - 2*c + 5*c - f. What is the greatest common factor of j and 5?
5
Let v = -736 + 859. Calculate the greatest common divisor of v and 328.
41
Let c be 20/(960/324) + (-3)/4. What is the highest common divisor of 32 and c?
2
Let b(p) = -p**2 + 41*p - 177. Let y be b(36). Calculate the greatest common factor of y and 1.
1
Let r(s) = 27*s + 3. Let b be r(3). Let x = 53 + -32. Suppose -21 = -2*v + x. What is the highest common factor of v and b?
21
Suppose -10*f + 4*f = 456. Let b = f - -124. What is the greatest common divisor of b and 72?
24
Let g = -27 + 51. Suppose -w + 4*w = g. Let i(k) = 4*k. Let h be i(3). Calculate the greatest common factor of h and w.
4
Let c be 8/(56/35) + 61. What is the greatest common divisor of 44 and c?
22
Let x(y) = -5 + 7*y**2 + 17 - y**2 - 5*y - 6*y. Let m be x(6). Calculate the highest common divisor of m and 18.
18
Suppose l - 61 = -2*l + 4*v, -3*l - 2*v + 91 = 0. Let n(p) = -9*p + 7*p + 6*p + 3 + 3*p**2. Let b be n(-3). What is the highest common factor of l and b?
9
Suppose -2*j - k = 3*j - 11, 2*k + 2 = 2*j. Suppose -j*l = -l - 25. Suppose -a + 1 = -2*b - b, -5*a + l = 5*b. Calculate the highest common factor of 28 and a.
4
Suppose 451 + 431 = 6*u. What is the highest common factor of 49 and u?
49
Let k = 24 + -16. Let h(c) = -4*c - 8. Let n be h(-5). Suppose -20 - n = -u. What is the highest common factor of u and k?
8
Suppose 2*d - 5*o = 23, -2 - 16 = -2*d + 4*o. Let t be (d + 0)/((-10)/150). Calculate the greatest common divisor of 30 and t.
15
Suppose 532 = 9*n + 82. Calculate the highest common factor of 1150 and n.
50
Suppose -80 = -5*i + 5*o, -3*i + 0*o + 43 = 2*o. Calculate the highest common factor of i and 1065.
15
Suppose 27*k = 23*k - 8. Let s be 3/(-12) + k/8*-49. What is the greatest common divisor of 20 and s?
4
Suppose 74 = 4*d - 102. Suppose b - 4*t - 24 = 0, 4*b - d = -0*t + 3*t. Calculate the greatest common divisor of 56 and b.
8
Suppose 0 = t - 2*i - 2*i - 32, 0 = 4*t + 2*i - 200. What is the greatest common factor of t and 168?
24
Let g(u) = -2*u**3 + 13*u**2 - 4*u - 3. Let y be g(6). Let w be (0 + 24/y)*9. What is the greatest common divisor of 36 and w?
12
Let x = 4 - -23. Let c(k) = -k**3 + 16*k**2 - 11*k + 203. Let o be c(16). What is the highest common factor of o and x?
27
Let n = 11 - 6. Let l be 109/(-436) + 341/4. What is the highest common divisor of n and l?
5
Let r be 9/(-6) + (-23)/(-2). Let h(o) = r*o**2 - 17*o**2 - 12 + 6*o**2 + 11*o. Let x be h(9). Calculate the highest common factor of x and 30.
6
Suppose 4*y - 200 = -y. Let v = 30 + y. Calculate the greatest common factor of v and 28.
14
Let t(i) = -29*i + 29. Let a be t(5). Let f = -104 - a. What is the highest common factor of f and 24?
12
Let n be 2 - 2/6*1230/(-5). Calculate the highest common divisor of 4 and n.
4
Let s(k) = k**2 - 4. Let r be s(-2). Suppose 4*l + 3*l - 1848 = r. What is the highest common factor of l and 24?
24
Let b be 18/15*-3*(-10 + 0). Suppose 7*i = 9*i - b. Calculate the greatest common divisor of 162 and i.
18
Let q(o) = 9*o**2 - o. Suppose 0*t = t + 2. Let a be q(t). Calculate the highest common divisor of a and 95.
19
Let g be (-15)/60 - (-34)/8. Suppose -4*l + 2*h = -204, 0 = 5*l + h - 2*h - 258. What is the greatest common factor of l and g?
4
Let f be 5/(170/4) + (-168)/(-17). Suppose 13*i - f*i = 60. What is the highest common divisor of 70 and i?
10
Let q be -1*2/(-4)*0. Suppose q*g = g - 69. Calculate the greatest common factor of 46 and g.
23
Let l be (2/9)/((-17)/(-153))*5. Calculate the highest common divisor of l and 35.
5
Suppose -u = 3*v - 303, 0 = -4*u - 5*v + 1326 - 128. What is the highest common factor of u and 132?
33
Suppose 250 = 15*f - 13*f - 2*l, -f + 125 = -4*l. What is the highest common factor of f and 5?
5
Suppose -6*v + 30 = -v. Suppose 3*l - 8 = 2*a, 4*a - 3*a = 3*l - 4. Let g be a + 4 + 3 - -21. Calculate the greatest common divisor of g and v.
6
Let k = 15 - 7. Let u be k/(-52) + (-1176)/(-39). Calculate the highest common factor of u and 6.
6
Let f be ((-1)/(-3))/((-300)/(-2088)*7 - 1). Suppose 343 = 4*y + 5*p, y + 4*p = 8*p + 91. Calculate the highest common factor of f and y.
29
Suppose -p - 2 = -2*n, 0*n = -p - n + 4. Suppose -k + 7 = -3*j, k = -3*j + j + p. Let f be (-1 + 31)*2/3. Calculate the greatest common divisor of f and k.
4
Let q = -682 - -832. What is the greatest common divisor of 60 and q?
30
Suppose -26*n = -12*n - 3024. What is the highest common divisor of 27 and n?
27
Let p(l) = 5*l + 229. Let f be p(-43). What is the highest common factor of f and 6?
2
Let i = 113 - 98. Let k be i + (-16)/(-7 - -3). What is the highest common divisor of 133 and k?
19
Let o(l) be the second derivative of l**4/4 - l**3/6 - l**2 + l. Let x be o(3). Calculate the greatest common factor of x and 11.
11
Suppose -300 = -10*n + 4*n. Let j(u) = -u - 1. Let c(g) = 4*g + 2. Let s(y) = -c(y) - 6*j(y). Let q be s(8). What is the greatest common divisor of n and q?
10
Let s = -232 - -507. Calculate the highest common factor of s and 11.
11
Let q = -2 + 1. Let r be q/(15/9 - 2). Suppose 139*p - 133*p = 90. Calculate the highest common divisor of r and p.
3
Suppose g + 3*b = -g + 204, g + b - 104 = 0. Let z = 16 + -7. Calculate the greatest common divisor of g and z.
9
Let r be -2*(-1)/2*20. Let u be 1764/168*40/3. Calculate the greatest common divisor of u and r.
20
Suppose -5*f - 2*c = -422, 3*f - 266 = -c + 3*c. Let a be -1*(-1)/2*f. Suppose b - 7 = a. What is the highest common divisor of 75 and b?
25
Let c be (-12)/42 + 3070/(-35). Let f = c + 146. Calculate the highest common factor of f and 29.
29
Let z be ((-172)/(-8))/((2/20)/1). Let w = z + -40. Calculate the greatest common divisor of 25 and w.
25
Suppose c + 0*p = p + 34, -5*c - 3*p + 202 = 0. Calculate the highest common divisor of c and 209.
19
Suppose -3*h + 44 = 8. Suppose 4 = -4*b + h. Let x = 3 + 3. Calculate the greatest common divisor of x and b.
2
Suppose -2*k + z + 419 = 0, -3*k - 631 = -6*k + 2*z. Let d be (k/15 - 4) + (-1)/(-5). What is the greatest common divisor of d and 160?
10
Let z be (-29)/(609/14) - 587/(-3). Calculate the highest common divisor of 39 and z.
39
Let b = 32 + -10. Let x(u) = 31*u**2 - 39*u - 8. Let o be x(3). What is the highest common divisor of o and b?
22
Let l be 2 - (3 - 12/3 - 75). What is the highest common divisor of l and 39?
39
Let l be ((-64)/40)/((-12)/15). Calculate the greatest common factor of l and 25.
1
Let u = 25 - 15. Let a be (-88 - 7)*(-8)/u. What is the highest common divisor of a and 19?
19
Let k be 2/(0 - 4)*0. Suppose k*c - 261 = -c. Suppose 327 + 456 = 27*h. What is the greatest common factor of c and h?
29
Let j = -1316 - -1868. Calculate the greatest common factor of j and 69.
69
Suppose 5*s - 938 = -2*c, -4*c - 4*s = -2322 + 458. Suppose 10*r = -c + 1304. What is the highest common factor of r and 28?
28
Suppose 5*s + 5*o - 4645 = 0, 0*o = -4*s + 3*o + 3723. Calculate the highest common factor of s and 10.
10
S